ands digit of 4108?
4
What is the tens digit of 14413?
1
What is the ten thousands digit of 42597?
4
What is the units digit of 7345?
5
What is the thousands digit of 75283?
5
What is the thousands digit of 115146?
5
What is the units digit of 23606?
6
What is the units digit of 1212?
2
What is the hundreds digit of 1227?
2
What is the tens digit of 527?
2
What is the thousands digit of 47730?
7
What is the hundreds digit of 4283?
2
What is the thousands digit of 8291?
8
What is the units digit of 6028?
8
What is the hundreds digit of 4179?
1
What is the tens digit of 669?
6
What is the thousands digit of 6375?
6
What is the thousands digit of 30805?
0
What is the hundreds digit of 116887?
8
What is the hundreds digit of 9029?
0
What is the thousands digit of 25127?
5
What is the thousands digit of 34389?
4
What is the units digit of 119?
9
What is the hundreds digit of 11672?
6
What is the ten thousands digit of 24083?
2
What is the units digit of 6237?
7
What is the tens digit of 397?
9
What is the units digit of 5724?
4
What is the tens digit of 796?
9
What is the tens digit of 2666?
6
What is the units digit of 12848?
8
What is the tens digit of 457?
5
What is the thousands digit of 3545?
3
What is the hundreds digit of 33369?
3
What is the hundreds digit of 1064?
0
What is the units digit of 59701?
1
What is the ten thousands digit of 43090?
4
What is the tens digit of 622?
2
What is the ten thousands digit of 48879?
4
What is the hundreds digit of 5289?
2
What is the tens digit of 3918?
1
What is the tens digit of 265?
6
What is the units digit of 4575?
5
What is the thousands digit of 1493?
1
What is the hundreds digit of 55144?
1
What is the units digit of 257?
7
What is the tens digit of 432?
3
What is the ten thousands digit of 23155?
2
What is the units digit of 2880?
0
What is the hundreds digit of 5971?
9
What is the tens digit of 999?
9
What is the tens digit of 633?
3
What is the tens digit of 1238?
3
What is the units digit of 881?
1
What is the tens digit of 38559?
5
What is the units digit of 4465?
5
What is the units digit of 44365?
5
What is the units digit of 129?
9
What is the units digit of 3174?
4
What is the units digit of 5317?
7
What is the thousands digit of 13095?
3
What is the units digit of 17560?
0
What is the tens digit of 10202?
0
What is the units digit of 62201?
1
What is the tens digit of 221?
2
What is the tens digit of 3482?
8
What is the tens digit of 905?
0
What is the tens digit of 4946?
4
What is the hundreds digit of 733?
7
What is the hundreds digit of 418?
4
What is the hundreds digit of 434?
4
What is the units digit of 128894?
4
What is the units digit of 8385?
5
What is the tens digit of 1465?
6
What is the tens digit of 1525?
2
What is the ten thousands digit of 20424?
2
What is the units digit of 8097?
7
What is the hundreds digit of 390?
3
What is the units digit of 180?
0
What is the units digit of 12928?
8
What is the thousands digit of 1197?
1
What is the thousands digit of 2301?
2
What is the thousands digit of 75436?
5
What is the tens digit of 73?
7
What is the thousands digit of 1142?
1
What is the units digit of 715?
5
What is the units digit of 27716?
6
What is the hundreds digit of 18331?
3
What is the units digit of 874?
4
What is the tens digit of 1959?
5
What is the thousands digit of 27613?
7
What is the units digit of 1546?
6
What is the tens digit of 70439?
3
What is the thousands digit of 5765?
5
What is the units digit of 179?
9
What is the thousands digit of 70106?
0
What is the thousands digit of 20791?
0
What is the units digit of 36360?
0
What is the hundreds digit of 8102?
1
What is the thousands digit of 12218?
2
What is the hundreds digit of 395?
3
What is the tens digit of 7048?
4
What is the units digit of 8853?
3
What is the hundred thousands digit of 127929?
1
What is the units digit of 10791?
1
What is the thousands digit of 5408?
5
What is the tens digit of 18?
1
What is the tens digit of 132?
3
What is the tens digit of 116303?
0
What is the tens digit of 58133?
3
What is the hundred thousands digit of 109183?
1
What is the ten thousands digit of 84658?
8
What is the thousands digit of 1393?
1
What is the hundreds digit of 5793?
7
What is the tens digit of 56071?
7
What is the tens digit of 10601?
0
What is the units digit of 9954?
4
What is the hundreds digit of 57382?
3
What is the ten thousands digit of 65072?
6
What is the hundreds digit of 124?
1
What is the tens digit of 2667?
6
What is the hundreds digit of 1752?
7
What is the thousands digit of 1133?
1
What is the hundreds digit of 12221?
2
What is the hundreds digit of 16477?
4
What is the hundreds digit of 19175?
1
What is the ten thousands digit of 37517?
3
What is the tens digit of 15567?
6
What is the thousands digit of 2290?
2
What is the hundreds digit of 102315?
3
What is the hundreds digit of 4336?
3
What is the tens digit of 18514?
1
What is the units digit of 17648?
8
What is the tens digit of 1834?
3
What is the thousands digit of 1893?
1
What is the thousands digit of 13758?
3
What is the units digit of 758?
8
What is the thousands digit of 1063?
1
What is the tens digit of 18169?
6
What is the thousands digit of 16610?
6
What is the tens digit of 241?
4
What is the thousands digit of 3506?
3
What is the hundreds digit of 147?
1
What is the hundreds digit of 800?
8
What is the units digit of 136?
6
What is the hundreds digit of 32946?
9
What is the thousands digit of 18920?
8
What is the hundreds digit of 11163?
1
What is the tens digit of 2330?
3
What is the tens digit of 18370?
7
What is the tens digit of 28078?
7
What is the hundreds digit of 1271?
2
What is the units digit of 411?
1
What is the tens digit of 2685?
8
What is the hundred thousands digit of 141030?
1
What is the hundreds digit of 461?
4
What is the tens digit of 28?
2
What is the thousands digit of 2489?
2
What is the hundreds digit of 469?
4
What is the thousands digit of 2005?
2
What is the thousands digit of 2203?
2
What is the units digit of 348?
8
What is the hundreds digit of 360?
3
What is the tens digit of 850?
5
What is the hundreds digit of 1394?
3
What is the units digit of 1659?
9
What is the hundreds digit of 8245?
2
What is the thousands digit of 137123?
7
What is the hundred thousands digit of 146203?
1
What is the hundreds digit of 1029?
0
What is the tens digit of 8156?
5
What is the units digit of 1351?
1
What is the units digit of 1159?
9
What is the tens digit of 8843?
4
What is the tens digit of 85?
8
What is the units digit of 1051?
1
What is the tens digit of 3054?
5
What is the hundreds digit of 592?
5
What is the tens digit of 2966?
6
What is the units digit of 4548?
8
What is the hundreds digit of 943?
9
What is the tens digit of 40?
4
What is the units digit of 1025?
5
What is the ten thousands digit of 10950?
1
What is the hundreds digit of 2205?
2
What is the thousands digit of 58508?
8
What is the thousands digit of 19383?
9
What is the units digit of 5466?
6
What is the tens digit of 2252?
5
What is the tens digit of 363?
6
What is the ten thousands digit of 74244?
7
What is the units digit of 242?
2
What is the tens digit of 1109?
0
What is the units digit of 43864?
4
What is the tens digit of 4991?
9
What is the tens digit of 9919?
1
What is the thousands digit of 14742?
4
What is the tens digit of 361?
6
What is the hundreds digit of 27621?
6
What is the hundreds digit of 1003?
0
What is the ten thousands digit of 114397?
1
What is the thousands digit of 1892?
1
What is the tens digit of 3429?
2
What is the tens digit of 95207?
0
What is the ten thousands digit of 61524?
6
What is the hundreds digit of 65991?
9
What is the units digit of 59635?
5
What is the tens digit of 2622?
2
What is the units digit of 39?
9
What is the units digit of 8412?
2
What is the tens digit of 254?
5
What is the tens digit of 9399?
9
What is the thousands digit of 6376?
6
What is the units digit of 1883?
3
What is the thousands digit of 45125?
5
What is the thousands digit of 1048?
1
What is the tens digit of 19039?
3
What is the tens digit of 959?
5
What is the units digit of 40951?
1
What is the thousands digit of 2235?
2
What is the thousands digit of 1431?
1
What is the ten thousands digit of 51430?
5
